.
-564
Let u(g) = -6*g**3 + 2885*g**2 - 5237*g - 15336. Determine u(479).
-8
Let g(s) = s**3 - 23*s**2 - 472*s + 11277. Calculate g(27).
1449
Let q(a) = -3564*a - 21143. What is q(-6)?
241
Let a(y) = 67*y**3 - 8*y**2 - 2*y + 10. Determine a(2).
510
Let q(o) = -1867*o - 845754. What is q(-453)?
-3
Let f(o) = -112*o**2 - 9297*o - 33. Calculate f(-83).
50
Let s(x) = -2*x**3 + 995*x**2 + 3006*x + 23. Determine s(-3).
14
Let s(c) = -58*c - 2147. Determine s(-21).
-929
Let o(a) = 33*a**2 - 567*a - 2794. Determine o(-4).
2
Let k(n) = -139*n**2 - 4413*n + 1130. Give k(-32).
10
Let j(t) = 11654*t + 1701470. What is j(-146)?
-14
Let v(w) = -142*w**2 + 887*w - 212. Determine v(6).
-2
Let n(v) = -2*v**2 - 16*v + 1403. Determine n(23).
-23
Let d(o) = -615*o - 16837. Calculate d(-27).
-232
Let h(j) = 5*j**2 - 252159*j - 2522088. Calculate h(-10).
2
Let z(j) = j**3 - 147*j**2 + 2006*j + 1448. Determine z(16).
8
Let c(h) = -h**3 + 1082*h**2 + 755*h + 355225. Give c(1083).
1
Let z(u) = 4903*u + 392247. Calculate z(-80).
7
Let x(t) = -601*t - 10818. What is x(-18)?
0
Let n(j) = 3927*j - 46048. Calculate n(12).
1076
Let o(c) = -10*c**2 - 11831*c + 71015. Give o(6).
-331
Let m(w) = 4*w**3 - 3*w**2 - 76*w - 121. What is m(-3)?
-28
Let z(m) = 3941*m - 63055. Give z(16).
1
Let a(o) = -4*o**2 + 56*o - 300. Give a(13).
-248
Let t(n) = -444*n - 2449. Calculate t(-7).
659
Let a(r) = 19*r**3 - 301*r**2 + 25*r + 10. Determine a(16).
1178
Let b(j) = 3*j**3 - 230*j**2 - 1054*j - 9. Determine b(81).
-90
Let i(c) = -9*c**2 - 238*c + 8054. Calculate i(24).
-2842
Let v(n) = 3*n**3 + 234*n**2 + 475*n + 3. Give v(-2).
-35
Let j(s) = -1714*s + 911692. Determine j(532).
-156
Let d(l) = 9*l**2 - 137*l + 300. What is d(12)?
-48
Let u(m) = -333*m**2 + 13247*m + 2891. Calculate u(40).
-29
Let b(o) = 22*o**2 + 68*o + 2. Determine b(-3).
-4
Let z(r) = -741303*r - 4447818. Determine z(-6).
0
Let z(l) = -10*l - 724. Give z(-26).
-464
Let w(h) = -h**3 - 40*h**2 - 88*h + 4715. Determine w(-33).
-4
Let a(d) = d**2 + 104977*d + 3672977. Give a(-35).
7
Let r(i) = -i**3 - 88*i**2 + 687*i + 29385. Calculate r(-92).
37
Let s(t) = 8*t**2 - 439*t - 134. What is s(55)?
-79
Let l(t) = -t**3 - 26*t**2 - 173*t - 33. Determine l(-18).
489
Let b(j) = -2*j**3 - 27*j**2 - 128*j - 135. What is b(-14)?
1853
Let b(d) = -4012*d - 862768. What is b(-215)?
-188
Let l(f) = -42983*f - 128914. Give l(-3).
35
Let z(p) = 202781*p + 1216610. Determine z(-6).
-76
Let g(z) = 13987*z - 223460. Give g(16).
332
Let r(h) = h**3 + 11*h**2 - 765*h - 6148. Determine r(-8).
164
Let x(l) = 3*l**3 + 169*l**2 - 108*l - 9194. What is x(-56)?
-10
Let f(a) = 274*a**2 - 4667*a - 69. Determine f(17).
-222
Let o(s) = s**2 + 267*s + 17057. Calculate o(-101).
291
Let j(s) = -10*s**2 - 467*s + 141. Determine j(-45).
906
Let x(a) = -a**2 - 62*a - 281. Give x(-52).
239
Let v(u) = -250531*u - 3757917. Give v(-15).
48
Let p(t) = -t**3 - 103*t**2 - 22*t - 1465. Determine p(-103).
801
Let h(w) = -5*w**2 + 247*w - 275. Determine h(49).
-177
Let l(m) = -2*m**3 - 246*m**2 + 3243*m + 415. Determine l(-135).
10
Let v(r) = r**3 - r**2 - 655*r + 157. Calculate v(26).
27
Let y(m) = -m**3 + 2*m**2 - 5841*m + 29229. Calculate y(5).
-51
Let c(z) = -z**2 + 11520*z + 138446. Determine c(-12).
62
Let k(v) = 2*v**2 - 320*v - 40104. Calculate k(-84).
888
Let a(l) = l**3 + 24*l**2 + 6975*l + 174996. What is a(-25)?
-4
Let o(u) = -2*u**2 + 70651*u - 1553441. What is o(22)?
-87
Let n(y) = y**2 - 104*y - 490. What is n(112)?
406
Let x(k) = -19*k**3 + 8*k**2 + 97*k - 2. Calculate x(6).
-3236
Let q(r) = r**3 - 19*r**2 + 974*r - 19879. Determine q(20).
1
Let n(j) = -159*j**2 + 830*j + 5411. What is n(9)?
2
Let j(h) = -1748*h - 89142. Calculate j(-51).
6
Let n(b) = -86*b**2 - 106*b - 327. Give n(-3).
-783
Let h(z) = -z**3 + 27*z**2 + 88*z + 203. Determine h(30).
143
Let d(n) = 2965*n + 672. Calculate d(0).
672
Let x(i) = -i**3 - 52*i**2 + 1796*i + 263. Determine x(23).
1896
Let t(i) = -i**3 - 285*i**2 - 1692*i - 5. Determine t(0).
-5
Let r(v) = 300471*v - 600877. Determine r(2).
65
Let z(j) = 769*j - 148399. Determine z(193).
18
Let l(f) = -954*f - 35017. What is l(-40)?
3143
Let j(h) = -1216*h - 316179. Calculate j(-260).
-19
Let x(p) = 2724*p - 84451. Determine x(31).
-7
Let w(z) = -z**3 + 176*z**2 - 683*z - 260. Give w(172).
600
Let i(u) = -5*u**2 + 342*u + 1693. Give i(74).
-379
Let g(c) = -3*c**3 - 13*c**2 - 1861*c + 1874. Give g(1).
-3
Let l(a) = -618*a + 113537. Calculate l(185).
-793
Let p(k) = -k**3 + 321*k**2 - 24277*k - 211. What is p(199)?
-12
Let a(l) = 181*l**2 - 14472*l - 754. Determine a(80).
-114
Let m(f) = 2835*f - 116687. Calculate m(41).
-452
Let v(t) = -419*t - 6549. Calculate v(-16).
155
Let b(k) = 25*k + 6203. Calculate b(-168).
2003
Let w(m) = -m**3 + 16*m**2 - 49*m - 14. Give w(12).
-26
Let b(g) = g**2 + 222927*g + 1337533. What is b(-6)?
7
Let g(n) = -n**3 + 20*n**2 + 11*n + 466. Determine g(22).
-260
Let h(g) = 29*g**3 + 3*g**2 - 56*g + 27. What is h(-3)?
-561
Let k(w) = -11*w**2 - 456*w + 316. Determine k(-42).
64
Let k(m) = m**2 + 166*m + 2960. What is k(-145)?
-85
Let t(x) = 653*x - 88206. Determine t(135).
-51
Let x(z) = -26*z**2 - 579*z - 66. Determine x(-22).
88
Let l(j) = -j**3 + 5*j**2 - 1039*j + 8565. Give l(8).
61
Let j(f) = -4284*f + 4293. What is j(1)?
9
Let i(a) = -486*a + 10044. Give i(20).
324
Let n(r) = 9*r**2 + 228*r - 2988. Determine n(14).
1968
Let o(y) = -2*y**2 + 1794*y + 10847. What is o(-6)?
11
Let r(b) = 4*b**2 + 79*b - 19281. Determine r(-80).
-1
Let l(m) = -74*m**2 + 2847*m - 2847. Give l(1).
-74
Let j(y) = -305003*y - 31720306. Give j(-104).
6
Let k(l) = -3*l**2 + 352*l - 4. Give k(0).
-4
Let g(j) = -j**3 - 50*j**2 + 43*j + 14832. Give g(-43).
40
Let c(u) = 1348*u - 26844. Determine c(19).
-1232
Let g(w) = -10424*w + 2251581. Calculate g(216).
-3
Let x(y) = y**3 + 121*y**2 - 251*y + 682. What is x(-123)?
1297
Let p(b) = 738*b - 11419. What is p(16)?
389
Let l(d) = d**3 + 134*d**2 + 1953*d + 9. Give l(-17).
621
Let s(v) = -10*v**2 + 103*v + 40. What is s(18)?
-1346
Let f(w) = -124*w + 21466. Determine f(164).
1130
Let t(n) = 4233*n + 67550. What is t(-16)?
-178
Let g(c) = 76973*c + 539001. Determine g(-7).
190
Let j(z) = -5*z**3 + 30*z**2 - 130*z + 33. What is j(5)?
-492
Let a(x) = -2*x**2 + x + 171. Determine a(0).
171
Let f(t) = 268*t - 55552. Give f(207).
-76
Let y(o) = 923*o - 27841. Calculate y(30).
-151
Let i(c) = -c**3 + 51*c**2 + 82*c + 1279. Calculate i(53).
7
Let n(g) = 30162*g - 90177. Calculate n(3).
309
Let i(w) = 3*w**2 - 4276*w + 1519679. Give i(676).
31
Let f(k) = 17*k**3 - 345*k**2 + 284*k - 3956. Calculate f(20).
-276
Let u(l) = -5723*l**2 + 125905*l + 20. Calculate u(22).
-2
Let t(n) = n**3 - 46*n**2 - 3694*n - 114. What is t(88)?
62
Let y(x) = -x**3 - 48*x**2 + 336*x + 18187. What is y(-47)?
186
Let m(r) = -27066*r - 26968. Determine m(-1).
98
Let d(r) = -14*r + 1724. Give d(23).
1402
Let x(g) = -2*g + 743. Determine x(56).
631
Let w(z) = -3319*z - 17217. What is w(-5)?
-622
Let t(g) = 2193*g + 11701. Calculate t(-5).
736
Let z(s) = -s**3 - 61*s**2 - 57*s + 189. What is z(-60)?
9
Let w(t) = 4*t**2 - 565*t - 8538. Determine w(155).
-13
Let x(b) = -4*b**3 - 31*b**2 - 67*b - 337. Determine x(-10).
1233
Let j(d) = 861*d + 39518. What is j(-46)?
-88
Let y(c) = 149902*c + 449704. Calculate y(-3).
-2
Let j(n) = -n**3 + 16*n**2 + 29*n + 526. What is j(19)?
-6
Let h(r) = r**3 - 37*r**2 - 2853*r + 104. Determine h(-38).
218
Let u(w) = w**3 + 181*w**2 + 190*w + 1745. Calculate u(-180).
-55
Let d(p) = -441*p**2 - 4374*p + 352. Give d(-10).
-8
Let s(n) = -34*n + 950. Determine s(-6).
1154
Let j(q) = -41*q**2 + 812*q + 187. What is j(20)?
27
Let r(v) = -12834*v + 142903. Give r(11).
1729
Let d(m) = -m**2 + 2611*m + 28760. Determine d(-11).
-82
Let w(b) = -6*b**2 - 885*b - 9507. Give w(-11).
-498
Let x(s) = -32*s**2 - 2313*s. What is x(0)?
0
Let z(q) = 19625*q + 176609. Calculate z(-9).
-16
Let j(c) = 66*c**3 + 4*c**2 - 2*c + 10. What is j(-3)?
-1730
Let p(f) = -2*f**2 - 91*f + 1360. Calculate p(17).
-765
Let j(t) = 136353*t - 545458. Determine j(4).
-46
Let r(f) = 349*f - 184267. Give r(528).
5
Let k(j) = -106*j + 1121. Calculate k(8).
273
Let w(j) = -5791*j - 671746. Determine w(-116).
10
Let j(u) = -2519*